(1 - (8 - 0) - -1).
-1
0 + (-3 - -3) - (0 + -4)
4
What is the value of -10 - -4 - (-5 - (7 - 7))?
-1
What is 1 + -1 + 0 + 0 + 0?
0
What is the value of -2 + 1 + 0 + -1 + -2?
-4
0 + 1 - (2 - -5)
-6
Evaluate 6 - (5 - (-3 + 1)).
-1
Calculate 9 - (8 - 2) - 4.
-1
Evaluate -2 - -3 - (4 + -1 + -2).
0
What is the value of -3 + 5 + -6 + 4?
0
Calculate 4 + (4 - 10) - -2 - 2.
-2
What is the value of -2 - (3 + -6 + -3 + -1)?
5
Calculate (0 - -3) + (21 - 19).
5
What is the value of -3 - (0 - 1 - (13 + -8))?
3
-2 + 7 - 8 - -5 - 5
-3
What is -2 + -5 + -1 - -1?
-7
7 - (-3 + 10 + 5)
-5
Evaluate 2 + -3 + -8 + 4.
-5
What is the value of 3 - 1 - (-7 + 8 - 2)?
3
Calculate 11 - ((-2 - -34) + -11).
-10
What is the value of -3 - (-3 + 0 + 0 - -1)?
-1
(-5 - -4) + -2 + 5 + 0
2
What is the value of -3 - (10 + (-1 - 4))?
-8
(2 - 4 - -2) + 2 + -3
-1
What is -12 + 2 + 2 - (-1 - 2)?
-5
Evaluate -3 - (2 + 1 - (5 - 0)).
-1
Calculate 6 - 8 - (0 - -3).
-5
What is 1 + (-12 - -7) + 2 + -2?
-4
1 + -3 + (-9 - -10)
-1
Evaluate -2 - -2 - -4 - 9.
-5
Evaluate -139 + 138 + (-1 - (1 + -7)).
4
Calculate -4 - (-3 - -2 - 1).
-2
Calculate 9 - (4 - (4 - 5)).
4
Evaluate 4 - ((-10 - 0) + 16).
-2
What is 0 + -1 - (5 - 5 - 4)?
3
What is the value of -9 - -18 - (-2 + 12)?
-1
(-4 - -3) + 2 - 1
0
-9 + 14 + 4 + -5
4
What is the value of (-3 - 3) + 29 + -21?
2
What is the value of -4 + (-7 - -13) + -1?
1
Evaluate 0 + 0 + -6 + 4.
-2
What is 8 - (1 - -1) - (-1 - -3)?
4
10 + -11 + (3 - -3)
5
Calculate 7 + (-1 + -8 - 3).
-5
What is (4 + -2 - 4) + -3?
-5
Calculate 9 - (-2 + -1 - -8).
4
What is 3 + -4 + 4 + -2 + 0?
1
What is the value of 6 - (3 + -4) - -1 - 4?
4
1 + -1 + -3 + (6 - 5)
-2
What is the value of (-9 - -3 - -9) + -5?
-2
Evaluate -24 + 11 + 10 - -11.
8
Calculate -3 + (-4 - -2) - (-8 + 2).
1
Calculate (1 + 1 - 1) + -4 + 0.
-3
Calculate (-3 - -4 - -10) + (-4 - -1).
8
Evaluate 5 - (-1 + (2 - -7)).
-3
(17 - 17) + (4 - 1 - -1)
4
What is the value of -3 + -7 + 0 + 5 + 1?
-4
What is -2 - 0 - (13 + (-14 - 5))?
4
4 + 5 + 5 + -11
3
Calculate -1 + (12 - 3) + -4.
4
What is (-8 - (-3 + 2)) + 0 + 2?
-5
Evaluate 0 + -4 + (2 - 0).
-2
Calculate 2 + (1 - -1 - (2 - 3)).
5
What is the value of -2 - (3 + 0 + 1 + -1)?
-5
What is 1 + -6 + (10 - 2)?
3
What is 7 + -4 - (-1 + 3 + 1)?
0
Calculate -22 + 12 - 1 - (0 - 5).
-6
What is 3 + 1 + 2 - (6 + 1)?
-1
What is 14 + -13 - -3 - (1 + 4)?
-1
Evaluate -7 + -3 + 2 + 11.
3
What is 9 - (1 - (-6 + 2))?
4
-65 + 73 - (-1 - -6)
3
Evaluate -17 + (15 - 1) + (1 - -4).
2
What is 3 + (-6 + 8 - 9)?
-4
What is the value of 14 + -13 - (-2 - -1)?
2
-2 - ((4 - 9) + 0)
3
What is the value of -1 - (2 + 1 + (-58 - -47))?
7
-1 - (-15 + 6 + 6)
2
-15 + 26 + 10 + -13
8
Evaluate -1 - -10 - ((5 - -19) + -21).
6
Evaluate -1 + 4 - (-6 - (-1 - 4)).
4
Evaluate 0 - -4 - (18 - (8 - 0)).
-6
What is 3 - (-4 + 10 - -6)?
-9
Evaluate 4 - (-4 + 8 + -4).
4
What is the value of (-6 - -8) + -7 - (1 + 1)?
-7
What is the value of 4 + (-1 - (-3 - -2))?
4
Evaluate 1 + -9 + 5 - 2.
-5
What is 0 - 3 - (-5 - -1)?
1
What is (-4 - 0) + 62 + -55?
3
Calculate 3 - (2 + -5 + -2 + 6).
2
Calculate 2 + (-3 - (-4 - 0) - 2).
1
What is the value of -6 + 4 + 1 + (5 - 3)?
1
Calculate 1 - (-1 - -5) - -6.
3
2 - (3 + -3 + 9)
-7
-7 + -1 + 5 + 7 + -8
-4
What is the value of 3 + -1 + -10 - (0 + -3)?
-5
0 + 5 + -15 + 13
3
Evaluate 1 + -4 + 7 + -1.
3
What is the value of 54 - 57 - (-1 - (8 + -2))?
4
-4 - (-8 + 18 - 13)
-1
Evaluate -17 - (-10 + (-3 - -3)).
-7
Calculate 4 + 2 + -1 - 4.
1
Evaluate 2 - (-6 + 3 - -2).
3
Evaluate (-3 + -5 - -7 - -3) + -7.
-5
What is the value of (13 - 1) + -4 + 0?
8
What is 1 - (3 + (-4 - (-6 - -3)))?
-1
Evaluate 14 - (-9 + 5 - -16).
2
What is -2 + -4 + 7 + (-3 - 1)?
-3
Evaluate 3 + -5 + 4 + -5 + 0.
-3
Evaluate 5 - (4 - (-3 - -5 - -2)).
5
What is the value of 0 + (12 - 11) + 0 + 2?
3
What is the value of 2 - (-5 + 0 + 5)?
2
Calculate 17 - ((-9 - -2) + 2 + 13).
9
Calculate 3 + -5 + -1 + (-1 - -10).
6
What is the value of (4 - 1) + 1 + 0 + -1?
3
Calculate 0 + -5 + 5 - 2.
-2
2 + (1 - 10) + (57 - 48)
2
What is 3 + (-2 - -5) + -4 + 1?
3
What is the value of -3 - (-4 + (-2 - -2))?
1
4 + -1 + 0 - 1
2
-2 - (6 + (3 + 2 - 7))
-6
Evaluate 3 - 1 - (-5 - (0 - 2)).
5
-1 - -5 - (10 + 9 + -8)
-7
Evaluate (1 - -5) + -9 - -5.
2
What is 3 - 0 - -5 - 5?
3
Evaluate (0 - ((-1 - 3) + 1)) + 2.
5
Evaluate -10 + 1 + (2 - -1) + 7.
1
What is the value of -123 + 122 - (0 + 2)?
-3
What is the value of 1 + 0 + 1 - (2 + -2)?
2
(2 - 4) + (-2 - (0 + -2))
-2
What is (0 - 3) + (9 - 9)?
-3
-5 + 0 + (-3 - -12) + -5
-1
1 + -3 + 7 + (1 - 7)
-1
What is 50 + -52 - (-10 - -2)?
6
-6 + (1 - 3) + 7
-1
(-39 - -42) + -10 + 0 + 0
-7
What is the value of -1 - 3 - 1 - 0?
-5
Calculate (9 - 9) + -6 + 1.
-5
Calculate -10 + 16 - (1 + 9).
-4
What is the value of -1 - (-1 + (0 - 1))?
1
Evaluate 1 - (-2 + 0) - (-23 + 30).
-4
12 + (0 + 0 - 13)
-1
Calculate -5 + (1 - (-3 + 0)).
-1
What is the value of 13 + -10 + 5 + -6 + -6?
-4
What is 8 + -13 + 0 - -7?
2
What is the value of 5 + -9 - 2 - -2?
-4
What is 0 + -6 + 14 - (4 + -2)?
6
Evaluate (3 - 2) + -3 - 3.
-5
(-6 - -1) + 4 - 2
-3
Evaluate (8 - 9) + -2 + -1 + -1.
-5
3 + (0 - (8 - 4))
-1
What is 5 + (1 - 9) + 4?
1
What is (1 - 0) + 6 + -9?
-2
-11 + (10 - (2 + 0))
-3
What is the value of -6 - ((10 - 2) + -6) - -15?
7
What is the value of 6 - (-4 - (-5 + -2))?
3
Evaluate 1 + (0 - (0 + 1 - 5)).
5
Calculate 8 - (19 + -8 + -5).
2
Calculate -2 + (3 + 1 - 1).
1
Calculate 2 + -9 + 3 - -3.
-1
Calculate -1 - -4 - (-2 - 0).
5
Calculate -4 + 0 - (1 + 28 - 26).
-7
What is the value of -1 + 2 - (-4 + 10 + -5)?
0
What is (8 - 11 - 3) + -2?
-8
What is the value of -2 + -1 + 4 + (-7 - -2)?
-4
What is (1 + (1 - 5) - 1) + -2?
-6
What is (-1 - -3 - (1 - 0)) + -6?
-5
What is the value of (-1 - (2 + -4)) + (-13 - -14)?
2
What is the value of (-3 + (3 - 7) - -7) + 1?
1
What is 0 - (0 + 1) - (-20 + 22)?
-3
Evaluate 5 + (-2 + 3 - 0).
6
What is the value of 2 + (-3 - (-3 - (2 + 0)))?
4
Calculate 5 - (4 + -3 - -5).
-1
4 - 1 - (8 + -2 - 3)
0
What is the value of (4 + 3 - 8) + 0?
-1
-7 + 1 + 2 + 4 + 0
0
What is 6 - 3 - (1 - -4)?
-2
What is (-5 - (-2 - 0)) + 16 + -13?
0
What is (-2 - (-2 - 0)) + -4?
-4
Evaluate (-12 - (-10 - -7)) + 8.
-1
Calculate -6 - (0 + 0) - (0 - 1).
-5
-13 - 0 - -6 - 0
-7
What is -7 - (-1 + -5) - -11?
10
What is the value of -9 + 4 + 4 + 1?
0
Calculate (-5 - 2) + 2 + 2 - -7.
4
What is -3 + (3 - (4 - 7))?
3
What is -8 - -9 - (2 - 4)?
3
What is the value of -1 + 2 + -5 + 2 + 7?
5
Evaluate (-1 - -1) + -7 + 10.
3
What is (-60 - -76) + (-9 - -2)?
9
What is 2 - (2 + 2 - (-6 + 12))?
4
Calculate 14 - (8 - -1) - (-2 - -17).
-10
Evaluate 1 - (-18 - (-9 + -4)).
6
What is 9 - (-4 - (2 - 11))?
4
What is the value of -7 + 0 + 7 + 1?
1
Calculate -7 + 2 + (-21 - -24) + 6.
4
What is the value of -4 - (-1 + (2 - 0) + -10)?
5
What is -2 + 3 - 6 - (-2 - 0)?
-3
What is the value of -7 + 19 - 10 - 4?
-2
(9 - (19 - 4)) + 7
1
What is the value of 4 + -7 - (3 - 6)?
0
Evaluate -23 + 14 + 23 + -7.
7
Evaluate (-5 + -1 - -8) + -6.
-4
What is 8 - (6 - 3) - (86 + -77)?
-4
Calculate -2 - ((-7 - 0) + 7) - 1.
-3
What is -6 - (-6 + 1 - (8 + -8))?
-1
What is -16 + (18 - 6) - (-5 + 0)?
1
Calculate (5 - (4 - 0)) + 0.
1
What is the value of 8 + -5 + (3 + 1 - 1)?
6
Calculate (1 - 0) + -1 + (-1 - -3).
2
What is (-3 + -4 - -5) + 1?
-1
What is the value of 3 - ((8 - 2) + 3 + -1)?
-5
Calculate 0 - -3 - (5 - (0 + 4)).
2
What is -8 + 19 + (-2 - (8 + -4))?
5
(1 - (4 + 1)) + (31 - 33)
-6
What is the value of (-1 - (6 - 1)) + (0 - -1)?
-5
Evaluate 7 - (1 - (-4 + 2)).
4
What is 7 - (0 + 1) - (9 - 1)?
-2
What is the value of -4 - (4 - 11) - 0?
3
Evaluate -6 - -4 - (1 + -5).
2
Evaluate 3 + 0 + 2 + -3.
2
Calculate 2 + -4 - 0 - (-16 + 15).
-1
Evaluate (-8 - -2) + 5 - -2.
1
What is 23 + -39 + (-2 - -12)?
-6
-5 - -9 - (-1 - (-3 - -3))
5
What is the value of (-7 - -19) + -11 - (7 + -2)?
-4
Calculate (0 + 6 - 2) + -8.
-4
What is 0 + 10 + -15 + (18 - 6)?
7
Calculate -16 + 21 - (5 - (-1 + 2)).
1
Calculate 0 - (8 - (3 + (5 - 4))).
-4
What is the value of -3 + 8 + -2 + 0?
3
Calculate -10 + 0 + (-7 - (10 + -16)).
-11
Calculate 2 + (-6 - (3 + -9)) + -9.
-7
-13 + 9 - (-1 + 3 - 6)
0
4 - 3 - 3 - (2 + 0)
-4
Evaluate -7 + 1 - (11 - (-6 - -18)).
-5
-6 + (-6 - (6 - 16))
-2
What is the value of (-2 + 2 -